What are the prime factors of 343478?
2, 263, 653
List the prime factors of 917732.
2, 229433
List the prime factors of 221315.
5, 44263
What are the prime factors of 7969853?
7969853
List the prime factors of 1283046.
2, 3, 281, 761
List the prime factors of 3283311.
3, 1094437
List the prime factors of 8022570.
2, 3, 5, 267419
What are the prime factors of 18903039?
3, 2269, 2777
What are the prime factors of 675230?
2, 5, 67523
List the prime factors of 34797.
3, 7, 1657
What are the prime factors of 470162?
2, 7, 11, 43, 71
List the prime factors of 583552.
2, 47, 97
List the prime factors of 15286433.
15286433
What are the prime factors of 33369?
3, 7, 227
List the prime factors of 15010790.
2, 5, 79, 19001
List the prime factors of 2640373.
19, 138967
List the prime factors of 22587523.
7, 19, 169831
List the prime factors of 166003.
19, 8737
What are the prime factors of 1799780?
2, 5, 89989
List the prime factors of 323028.
2, 3, 997
What are the prime factors of 3031749?
3, 7, 5347
List the prime factors of 415291.
601, 691
List the prime factors of 399660.
2, 3, 5, 6661
List the prime factors of 46514.
2, 13, 1789
What are the prime factors of 1308733?
193, 6781
What are the prime factors of 18103111?
13, 107119
List the prime factors of 471811.
271, 1741
List the prime factors of 2996004.
2, 3, 11, 22697
What are the prime factors of 2579291?
11, 13, 17, 1061
What are the prime factors of 3498609?
3, 37, 43, 733
List the prime factors of 442733.
442733
List the prime factors of 1877865.
3, 5, 11, 19, 599
What are the prime factors of 15626516?
2, 79, 49451
What are the prime factors of 127179?
3, 13, 1087
What are the prime factors of 9632107?
19, 157, 3229
What are the prime factors of 679798?
2, 7, 59, 823
List the prime factors of 283884.
2, 3, 41, 577
What are the prime factors of 124443?
3, 11, 419
List the prime factors of 1723108.
2, 97, 4441
What are the prime factors of 654965?
5, 29, 4517
List the prime factors of 1695464.
2, 211933
What are the prime factors of 439312?
2, 27457
List the prime factors of 401419.
23, 31, 563
List the prime factors of 2480916.
2, 3, 79, 2617
What are the prime factors of 996977?
967, 1031
What are the prime factors of 55336?
2, 6917
List the prime factors of 802898.
2, 157, 2557
What are the prime factors of 13002540?
2, 3, 5, 37, 5857
List the prime factors of 3125297.
7, 17, 26263
List the prime factors of 537061.
7, 73, 1051
What are the prime factors of 703785?
3, 5, 46919
List the prime factors of 2371547.
937, 2531
What are the prime factors of 912176?
2, 47, 1213
List the prime factors of 1540236.
2, 3, 37, 3469
List the prime factors of 10364307.
3, 3454769
What are the prime factors of 21161512?
2, 2645189
What are the prime factors of 9125856?
2, 3, 31687
List the prime factors of 584487.
3, 101, 643
What are the prime factors of 891397?
13, 191, 359
List the prime factors of 211205.
5, 53, 797
What are the prime factors of 623966?
2, 7, 6367
What are the prime factors of 32539041?
3, 3615449
What are the prime factors of 38180?
2, 5, 23, 83
What are the prime factors of 158951?
13, 12227
List the prime factors of 5883914.
2, 2941957
What are the prime factors of 1066991?
263, 4057
What are the prime factors of 592993?
592993
List the prime factors of 685944.
2, 3, 7, 1361
List the prime factors of 129782.
2, 64891
What are the prime factors of 24122801?
41, 588361
What are the prime factors of 5282783?
11, 61, 7873
List the prime factors of 340244.
2, 85061
What are the prime factors of 26906602?
2, 101, 133201
List the prime factors of 16214538.
2, 3, 29, 93187
List the prime factors of 2125222.
2, 11, 96601
What are the prime factors of 1149637?
1149637
What are the prime factors of 289512?
2, 3, 4021
List the prime factors of 82243.
7, 31, 379
What are the prime factors of 893069?
37, 24137
List the prime factors of 139652.
2, 34913
What are the prime factors of 4308712?
2, 538589
What are the prime factors of 8108316?
2, 3, 193, 389
List the prime factors of 5611215.
3, 5, 83, 4507
What are the prime factors of 1992485?
5, 11, 17, 2131
What are the prime factors of 253790?
2, 5, 41, 619
What are the prime factors of 2567859?
3, 7, 122279
List the prime factors of 7696971.
3, 17, 41, 409
List the prime factors of 113425.
5, 13, 349
List the prime factors of 321791.
83, 3877
What are the prime factors of 360338?
2, 11, 1489
List the prime factors of 1162494.
2, 3, 17, 29, 131
List the prime factors of 5544238.
2, 7, 19, 1097
What are the prime factors of 10407023?
11, 946093
What are the prime factors of 51637?
51637
List the prime factors of 1040412.
2, 3, 277, 313
What are the prime factors of 7102297?
7102297
What are the prime factors of 246659?
7, 167, 211
List the prime factors of 1039180.
2, 5, 223, 233
What are the prime factors of 2634126?
2, 3, 11, 107, 373
List the prime factors of 153945.
3, 5, 11, 311
What are the prime factors of 1898842?
2, 11, 86311
List the prime factors of 3543311.
23, 154057
List the prime factors of 18338557.
59, 310823
What are the prime factors of 863441?
773, 1117
List the prime factors of 55043.
19, 2897
What are the prime factors of 4172908?
2, 83, 12569
What are the prime factors of 10501890?
2, 3, 5, 7, 43, 1163
What are the prime factors of 136122?
2, 3, 7, 463
What are the prime factors of 21800696?
2, 37, 73651
What are the prime factors of 448442?
2, 224221
What are the prime factors of 204308?
2, 13, 3929
List the prime factors of 515505.
3, 5, 34367
List the prime factors of 36544.
2, 571
What are the prime factors of 149414?
2, 74707
List the prime factors of 22913335.
5, 19, 29, 8317
What are the prime factors of 206066?
2, 7, 41, 359
List the prime factors of 25360014.
2, 3, 547, 7727
What are the prime factors of 5234350?
2, 5, 11, 31, 307
What are the prime factors of 44309?
59, 751
List the prime factors of 76310.
2, 5, 13, 587
List the prime factors of 43353993.
3, 14451331
List the prime factors of 10663493.
10663493
What are the prime factors of 126254?
2, 63127
List the prime factors of 590100.
2, 3, 5, 7, 281
What are the prime factors of 1836855?
3, 5, 40819
List the prime factors of 22141117.
22141117
List the prime factors of 755742.
2, 3, 13, 9689
What are the prime factors of 670392?
2, 3, 9311
List the prime factors of 5641249.
137, 41177
What are the prime factors of 4017922?
2, 2008961
List the prime factors of 448931.
7, 59, 1087
List the prime factors of 2983214.
2, 13, 179, 641
What are the prime factors of 24779525?
5, 991181
What are the prime factors of 1263119?
11, 13, 73
What are the prime factors of 6185421?
3, 11, 43, 1453
What are the prime factors of 1988987?
7, 11, 13, 1987
What are the prime factors of 4117367?
283, 14549
List the prime factors of 8071851.
3, 191, 14087
List the prime factors of 736299.
3, 23, 3557
What are the prime factors of 653674?
2, 7, 46691
List the prime factors of 811828.
2, 31, 6547
List the prime factors of 2095141.
41, 137, 373
List the prime factors of 15975084.
2, 3, 929, 1433
What are the prime factors of 10252946?
2, 11, 466043
List the prime factors of 2686914.
2, 3, 113, 1321
What are the prime factors of 3137619?
3, 197, 5309
What are the prime factors of 153579?
3, 51193
What are the prime factors of 184389?
3, 61463
What are the prime factors of 30845324?
2, 1663, 4637
What are the prime factors of 1576100?
2, 5, 15761
List the prime factors of 4426.
2, 2213
List the prime factors of 1234366.
2, 7, 88169
List the prime factors of 59520.
2, 3, 5, 31
List the prime factors of 325948.
2, 7, 1663
List the prime factors of 6238784.
2, 43, 2267
List the prime factors of 217760.
2, 5, 1361
What are the prime factors of 3019184?
2, 7, 3851
List the prime factors of 21303.
3, 263
What are the prime factors of 12820383?
3, 19, 67, 373
List the prime factors of 1544101.
13, 41, 2897
List the prime factors of 18427817.
2897, 6361
List the prime factors of 3908841.
3, 79, 16493
What are the prime factors of 488740?
2, 5, 7, 3491
What are the prime factors of 9992240?
2, 5, 29, 59, 73
What are the prime factors of 1207672?
2, 150959
What are the prime factors of 373670?
2, 5, 11, 43, 79
List the prime factors of 116150.
2, 5, 23, 101
What are the prime factors of 17335